-v + 2*d - 4 = -32. Suppose v = 3*c - 2*l, c - 12 = 6*l - l. What are the prime factors of c?
2, 3
Let y = 17 - 13. What are the prime factors of 4 - (y + (-5 - -2))?
3
Suppose 4*c - 4288 = 4*r, 4*r + 2 - 18 = 0. Suppose 0 = 5*l - c + 176. What are the prime factors of l?
2, 3, 5
Suppose -2*s = -5*x + 204, 0 = 3*x + 2*s - s - 118. What are the prime factors of 2185/x + 3/8?
5, 11
Let i be ((-66)/9 - -4)*3. Let b = i - -38. Let l = b - 11. List the prime factors of l.
17
Let o(d) = -4*d - 21. Let p be o(-6). What are the prime factors of p + -3 + 2 - -218?
2, 5, 11
Suppose -g + 635 = -910. What are the prime factors of g?
3, 5, 103
Suppose x = -6*x + 42. Suppose 4*w - n + x*n - 266 = 0, 4*w - 278 = n. What are the prime factors of w?
3, 23
Let q = 12 - 24. Let r be (-2)/q*14*15. Suppose 2*f + 3*f = r. List the prime factors of f.
7
Suppose 0*j = 3*j + 3. Let f be (j/(-3))/((-1)/(-57)). Suppose x - 5 = f. List the prime factors of x.
2, 3
Let d(h) = 2*h + 24. Let f be d(-10). Suppose -w = -3*m - 71, w - 56 = 2*m - f*w. List the prime factors of (25 - m) + 1 + 0.
7
Let p(h) = -h. Let j be p(9). Let d = 19 + j. Let n(x) = -x**2 + 14*x - 3. What are the prime factors of n(d)?
37
Let k(n) = -2*n**3 - 9*n**2 - 7*n - 15. Let q be k(-6). Let c = q + -57. List the prime factors of c.
2, 3, 13
Let h(p) = 2000*p**2 - 5*p - 1. List the prime factors of h(-1).
2, 3, 167
Let f be 31/(-5) - (-1)/5. Let s be (f/15)/(3/330). List the prime factors of (-11)/s + (-102)/(-8).
13
Let j = -16 - -6. Let r be 32/80 + (-516)/j. Suppose -2*a - r = -5*x + 72, x = 4*a + 32. List the prime factors of x.
2, 3
Suppose -6 + 34 = 4*l. Let t(m) = 4*m**2 + 12*m - 22. Let v(d) = d**2 + d - 1. Let o(c) = -t(c) + 5*v(c). What are the prime factors of o(l)?
17
Let j = -24 - -509. What are the prime factors of j?
5, 97
What are the prime factors of 3/12 + ((-466200)/32)/(-21)?
2, 347
Let d(o) = -o**2 + 15*o + 19. Let q(p) = 3*p**2 + p + 1. Let s be q(2). List the prime factors of d(s).
19
Let b be 38/8 - (-3)/12. Suppose 3*c = 2*u + 2*u + 31, 0 = -3*u + b*c - 15. List the prime factors of (95/u)/(2/(-12)).
3, 19
Suppose 0*h = -h + 7. Let q(i) = -17 + 25 + 178*i**2 - i**3 - 171*i**2. List the prime factors of q(h).
2
Suppose -36 - 21 = s. Let t = -7 - s. List the prime factors of t.
2, 5
What are the prime factors of 1386/(-504)*(-297 - -1)?
2, 11, 37
Suppose 0 = 4*p - 1818 - 1570. List the prime factors of p.
7, 11
Suppose 5*g - 1091 = 2*x, -4*g = 2*x + g + 1141. What are the prime factors of x/(-21) - 12/21?
2, 13
What are the prime factors of 2 - -849*(2 + -1)?
23, 37
Let f = 48 - 44. Suppose -5*o = -5*c - 6*o + 396, -4*c - f*o + 320 = 0. What are the prime factors of c?
79
Suppose -5*b - 653 = -p - p, 0 = -2*p - 5*b + 663. List the prime factors of p.
7, 47
Let c = -1 - -17. Suppose 0 = 2*q + c - 50. List the prime factors of q.
17
Let j(l) = -l**3 - 21*l**2 + 5*l + 36. List the prime factors of j(-22).
2, 5, 41
Suppose -2*h = -4*g - 886 + 21056, 5*g - 3*h - 25211 = 0. List the prime factors of g.
2, 13, 97
Let k(g) = -137*g - 6. Let i be k(-2). Suppose -183 = -4*s + 3*j + 89, 4*s - 2*j = i. What are the prime factors of s?
5, 13
Let g be -2*(0 - (0 - 4)). List the prime factors of (g/6)/(20/(-1260)).
2, 3, 7
Let a be 40/180 - (-194)/18. Suppose -a*x - 368 = -15*x. List the prime factors of x.
2, 23
What are the prime factors of (-384)/(0/26 + 3/(-4))?
2
Suppose -5*f = 17*u - 15*u - 1185, -u = 3*f - 712. List the prime factors of f.
239
Let y be 2301/52 + 1/(-4). Suppose -5*s - 82 = -10*s + d, 2*d = -3*s + y. What are the prime factors of s?
2
Suppose -31 = -s - 4*t - 12, 3*t + 152 = 4*s. List the prime factors of s.
5, 7
Let z(j) = -562*j + 425. List the prime factors of z(-4).
3, 11
Suppose 3*h - 4*s - 34 = 0, -2*h = -0*h - 5*s - 11. Suppose 0 = t - h - 4. List the prime factors of t.
2, 11
Let h(i) = i**2 + 9*i + 18. Let o be h(-4). List the prime factors of -3 + (-97)/(o - -1).
2, 47
Let j(w) be the first derivative of -w**4/4 - w**3 - 2*w**2 + 3*w - 120. Suppose -z - z - 8 = 0. List the prime factors of j(z).
5, 7
Let g be ((-21)/(-35))/(1/5). Suppose 2*c = 3*x - 6*x + 7, g*c = -x. What are the prime factors of 74 - (-1 + x - 2)?
2, 37
Let j(m) = -m**2 + 8*m + 19. Let r = -20 + 28. List the prime factors of j(r).
19
Let p(b) = b**3 + 2*b**2 + b. Let z = 28 + -29. Let y be p(z). Suppose y = w - 2*l - 61, 3*w - 2*l + 4*l = 159. List the prime factors of w.
5, 11
Suppose 2*g + g - 2*o - 2185 = 0, 2*g = o + 1458. What are the prime factors of g?
17, 43
Let h be (6 - (-1 - -5)) + 4. Suppose 26 = 3*y - 4*y. Let w = h - y. What are the prime factors of w?
2
List the prime factors of (-468)/(-27)*582/8.
13, 97
Suppose -37 = -4*y + 3*g, 3*g - 49 = -5*y + 4*g. Suppose c + 113 = 2*c + 2*n, y = 5*n. List the prime factors of c.
109
Suppose -2*q + d + 10 = 0, 0 = -4*q + 5*q + 2*d - 15. Let a(i) = 2 + 17 - q + 4*i - 7. What are the prime factors of a(3)?
17
Let y(x) = 2*x - x**3 - 53 - 2*x**3 + 46 + 2*x**2. Let w be y(-3). Let t = 150 - w. List the prime factors of t.
2
Let p(x) = x**3 + x**2 + 16. Let i(d) = -d - 2. Let f be i(-4). Let g be 8 + -4 + -2*f. What are the prime factors of p(g)?
2
Let y = 1365 + -108. List the prime factors of y.
3, 419
Suppose -30488 = -65*c - 2408. What are the prime factors of c?
2, 3
Suppose 2*n + 4*i = -388, -2*i + 165 + 49 = -n. Let x = n + 369. What are the prime factors of x?
3, 5, 11
Suppose 0 = 49*t - 30278 - 2062. List the prime factors of t.
2, 3, 5, 11
Suppose -2*u + 234 = 2*h, 3*h - 7*u + 11*u - 356 = 0. What are the prime factors of h?
2, 7
Let d = -816 + 1732. What are the prime factors of d?
2, 229
Let a be 9/(-6)*-2 - (-32 - -4). Suppose -4*w + 100 = -5*u, -103 = -4*w - 2*u - a. List the prime factors of w.
2, 5
What are the prime factors of 48/(-14) + (-3)/(-7) + 889?
2, 443
Let l = -14 - 51. Let c = 74 + l. List the prime factors of c.
3
Let x be 7 + 4 + -3 + 1. Suppose x*q + 3 = 696. List the prime factors of q.
7, 11
Suppose 7*m = 37*m - 13140. What are the prime factors of m?
2, 3, 73
Suppose 0*h + 4*h = 5*o - 1068, 849 = 4*o - 5*h. Let a = 309 - o. What are the prime factors of a?
3, 31
Let v(k) = -19*k**2 + 7*k + 4. Let m(l) = 19*l**2 - 6*l - 4. Let y(f) = 5*m(f) + 4*v(f). What are the prime factors of y(-3)?
173
Let y be (0 + 1)*(5 + -2). Let l be 0/2 + 41*2. Suppose 0*v + v = -4*x + 13, 0 = 5*v + y*x - l. List the prime factors of v.
17
Suppose o - 3 = s, 2*o = 2*s - 5*s + 6. Suppose -4*l + o*l + 158 = 0. What are the prime factors of l?
2, 79
Let r be (-118)/8 + 2/(-8). Let u = 15 + r. Let q(n) = -n**3 + 16. What are the prime factors of q(u)?
2
Let h(j) = -6*j + 13. Let y be h(3). What are the prime factors of (y - -4)*-5 + 146?
151
What are the prime factors of (-3)/(-6)*-18 + 933?
2, 3, 7, 11
Let g(z) = z**3 + 8*z**2 - 11*z + 14. What are the prime factors of g(-7)?
2, 5, 7
Let b(a) = a - 2. Let y be b(10). Suppose -y = -11*u + 14. What are the prime factors of u?
2
Let z = 16 + -13. Suppose -3*o = -3*v, o = z*v - 4*v - 6. Let t(x) = -8*x - 2. List the prime factors of t(o).
2, 11
Let m(u) = u**2 + 10*u + 2. Let w be m(-9). Let y(f) = -f**3 - 6*f**2 + 7*f + 6. List the prime factors of y(w).
2, 3
Suppose 0 = 2*a - 7*a + 3855. Suppose c - 49 = l + 146, -4*c + a = 5*l. What are the prime factors of c?
2, 97
List the prime factors of (6/10)/(1/3390).
2, 3, 113
Let r(f) = -f**3 - 5*f**2 - 20*f - 21. What are the prime factors of r(-8)?
331
List the prime factors of (-118274)/(-52) - 2*(-4)/16.
5, 7, 13
Suppose 8*i = 6*i + 4. Suppose 12 = -2*l - i*l. List the prime factors of (l/(-1))/(9/246).
2, 41
Let t be 14*-6*(4 - 3). List the prime factors of 1/6 + (-238)/t.
3
Suppose 3*o - 905 + 155 = 0. What are the prime factors of o?
2, 5
Let k(r) = -3*r + 7*r**3 + 6*r**2 - 2*r**2 + 3 + 0*r**2 - 6*r**3. List the prime factors of k(4).
7, 17
List the prime factors of 102/4*(-5 - (2 + -13)).
3, 17
What are the prime factors of (10 + -2)*(-346)/(-16)?
173
Let q(f) be the second derivative of f**4/3 - 2*f**3/3 - 3*f**2/2 - 2*f. Let v be q(4). What are the prime factors of ((-165)/v)/((-2)/12)?
2, 11
Suppose 118*v = 125*v - 14133. List the prime factors of v.
3, 673
Let r be ((-4)/(-8) - 0)*6. Suppose -r*j + 154 = -4*w, 2*j + 5*w - 33 = 85. 